{"id":339,"date":"2025-09-15T12:18:03","date_gmt":"2025-09-15T12:18:03","guid":{"rendered":"https:\/\/www.carinelanthier.com\/?page_id=339"},"modified":"2026-04-28T14:35:52","modified_gmt":"2026-04-28T14:35:52","slug":"la-mtc","status":"publish","type":"page","link":"https:\/\/www.carinelanthier.com\/index.php\/la-mtc\/","title":{"rendered":"La MTC"},"content":{"rendered":"\n<h4 class=\"wp-block-heading has-text-align-center\">LA MTC &#8211; M\u00e9thode Traditionnelle Chinoise<\/h4>\n\n\n\n<div class=\"wp-block-group alignwide is-layout-constrained wp-container-core-group-is-layout-58be5198 wp-block-group-is-layout-constrained\" style=\"padding-top:3rem;padding-right:3rem;padding-bottom:3rem;padding-left:3rem\">\n<div class=\"wp-block-columns alignwide are-vertically-aligned-center is-layout-flex wp-container-core-columns-is-layout-28f84493 wp-block-columns-is-layout-flex\">\n<div class=\"wp-block-column is-layout-flow wp-block-column-is-layout-flow\" style=\"flex-basis:50%\">\n<h3 class=\"wp-block-heading has-text-align-center\" id=\"our-inspiration\">La M\u00e9thode Traditionnelle Chinoise<\/h3>\n<\/div>\n\n\n\n<div class=\"wp-block-column is-layout-flow wp-block-column-is-layout-flow\" style=\"flex-basis:50%\">\n<hr class=\"wp-block-separator has-text-color has-css-opacity has-background is-style-wide\" style=\"background-color:#000000;color:#000000\"\/>\n\n\n\n<figure class=\"wp-block-image aligncenter size-full is-resized\"><img loading=\"lazy\" decoding=\"async\" width=\"473\" height=\"473\" src=\"https:\/\/www.carinelanthier.com\/wp-content\/uploads\/2025\/09\/Carine-Lanthier-therapeut-bien-etre-vitalite-tradition-chinoise-19.png\" alt=\"\" class=\"wp-image-298\" style=\"width:95px;height:auto\" srcset=\"https:\/\/www.carinelanthier.com\/wp-content\/uploads\/2025\/09\/Carine-Lanthier-therapeut-bien-etre-vitalite-tradition-chinoise-19.png 473w, https:\/\/www.carinelanthier.com\/wp-content\/uploads\/2025\/09\/Carine-Lanthier-therapeut-bien-etre-vitalite-tradition-chinoise-19-300x300.png 300w, https:\/\/www.carinelanthier.com\/wp-content\/uploads\/2025\/09\/Carine-Lanthier-therapeut-bien-etre-vitalite-tradition-chinoise-19-150x150.png 150w\" sizes=\"auto, (max-width: 473px) 100vw, 473px\" \/><\/figure>\n<\/div>\n<\/div>\n\n\n\n<div class=\"wp-block-columns alignwide is-layout-flex wp-container-core-columns-is-layout-28f84493 wp-block-columns-is-layout-flex\">\n<div class=\"wp-block-column is-layout-flow wp-block-column-is-layout-flow\">\n<figure class=\"wp-block-image size-large is-style-olorien-round-edges\"><img loading=\"lazy\" decoding=\"async\" width=\"1024\" height=\"576\" src=\"https:\/\/www.carinelanthier.com\/wp-content\/uploads\/2025\/09\/cropped-CARINE-LANTHIER-CABINET-SEANCE-JPG-2000PX-14-1024x576.jpg\" alt=\"Bilan \u00e9nerg\u00e9tique via les m\u00e9ridiens.\" class=\"wp-image-222\" srcset=\"https:\/\/www.carinelanthier.com\/wp-content\/uploads\/2025\/09\/cropped-CARINE-LANTHIER-CABINET-SEANCE-JPG-2000PX-14-1024x576.jpg 1024w, https:\/\/www.carinelanthier.com\/wp-content\/uploads\/2025\/09\/cropped-CARINE-LANTHIER-CABINET-SEANCE-JPG-2000PX-14-300x169.jpg 300w, https:\/\/www.carinelanthier.com\/wp-content\/uploads\/2025\/09\/cropped-CARINE-LANTHIER-CABINET-SEANCE-JPG-2000PX-14-768x432.jpg 768w, https:\/\/www.carinelanthier.com\/wp-content\/uploads\/2025\/09\/cropped-CARINE-LANTHIER-CABINET-SEANCE-JPG-2000PX-14-1536x864.jpg 1536w, https:\/\/www.carinelanthier.com\/wp-content\/uploads\/2025\/09\/cropped-CARINE-LANTHIER-CABINET-SEANCE-JPG-2000PX-14.jpg 1999w\" sizes=\"auto, (max-width: 1024px) 100vw, 1024px\" \/><\/figure>\n\n\n\n<figure class=\"wp-block-image size-large\"><img loading=\"lazy\" decoding=\"async\" width=\"1024\" height=\"682\" src=\"https:\/\/www.carinelanthier.com\/wp-content\/uploads\/2025\/09\/CARINE-LANTHIER-CABINET-SEANCE-JPG-2000PX-28-1024x682.jpg\" alt=\"Aspiration des herbes en train de se consumer.\" class=\"wp-image-349\" srcset=\"https:\/\/www.carinelanthier.com\/wp-content\/uploads\/2025\/09\/CARINE-LANTHIER-CABINET-SEANCE-JPG-2000PX-28-1024x682.jpg 1024w, https:\/\/www.carinelanthier.com\/wp-content\/uploads\/2025\/09\/CARINE-LANTHIER-CABINET-SEANCE-JPG-2000PX-28-300x200.jpg 300w, https:\/\/www.carinelanthier.com\/wp-content\/uploads\/2025\/09\/CARINE-LANTHIER-CABINET-SEANCE-JPG-2000PX-28-768x512.jpg 768w, https:\/\/www.carinelanthier.com\/wp-content\/uploads\/2025\/09\/CARINE-LANTHIER-CABINET-SEANCE-JPG-2000PX-28-1536x1024.jpg 1536w, https:\/\/www.carinelanthier.com\/wp-content\/uploads\/2025\/09\/CARINE-LANTHIER-CABINET-SEANCE-JPG-2000PX-28.jpg 2000w\" sizes=\"auto, (max-width: 1024px) 100vw, 1024px\" \/><\/figure>\n\n\n\n<figure class=\"wp-block-image size-large\"><img loading=\"lazy\" decoding=\"async\" width=\"1024\" height=\"682\" src=\"https:\/\/www.carinelanthier.com\/wp-content\/uploads\/2025\/09\/CARINE-LANTHIER-CABINET-SEANCE-JPG-2000PX-47-1-1024x682.jpg\" alt=\"Massage avec herbes imbib\u00e9es\" class=\"wp-image-350\" srcset=\"https:\/\/www.carinelanthier.com\/wp-content\/uploads\/2025\/09\/CARINE-LANTHIER-CABINET-SEANCE-JPG-2000PX-47-1-1024x682.jpg 1024w, https:\/\/www.carinelanthier.com\/wp-content\/uploads\/2025\/09\/CARINE-LANTHIER-CABINET-SEANCE-JPG-2000PX-47-1-300x200.jpg 300w, https:\/\/www.carinelanthier.com\/wp-content\/uploads\/2025\/09\/CARINE-LANTHIER-CABINET-SEANCE-JPG-2000PX-47-1-768x512.jpg 768w, https:\/\/www.carinelanthier.com\/wp-content\/uploads\/2025\/09\/CARINE-LANTHIER-CABINET-SEANCE-JPG-2000PX-47-1-1536x1024.jpg 1536w, https:\/\/www.carinelanthier.com\/wp-content\/uploads\/2025\/09\/CARINE-LANTHIER-CABINET-SEANCE-JPG-2000PX-47-1.jpg 2000w\" sizes=\"auto, (max-width: 1024px) 100vw, 1024px\" \/><\/figure>\n<\/div>\n\n\n\n<div class=\"wp-block-column is-layout-flow wp-block-column-is-layout-flow\">\n<p class=\"has-small-font-size\">La M\u00e9thode Traditionnelle Chinoise (MTC) s\u2019appuie sur des connaissances et des pratiques accumul\u00e9es et \u00e9prouv\u00e9es depuis plus de vingt si\u00e8cles. Cette m\u00e9decine r\u00e9pond aujourd\u2019hui aux probl\u00e8mes de sant\u00e9 de populations r\u00e9parties dans tous les pays du globe.<\/p>\n\n\n\n<p class=\"has-small-font-size\">Il s\u2019agit d\u2019une approche qui consid\u00e8re l\u2019\u00eatre humain de mani\u00e8re globale, comme un ensemble \u00ab\u00a0corps et esprit\u00a0\u00bb mais \u00e9galement dans son rapport avec l\u2019environnement. Sa th\u00e9rapeutique, \u00e0 la fois pr\u00e9ventive et curative, repose sur des concepts originaux tels que la r\u00e9gulation de l&rsquo;\u00e9nergie appel\u00e9e Qi, l&rsquo;\u00e9quilibre des forces Yin et Yang, la prise en compte de l\u2019influence des cinq mouvements (Bois, Feu, Terre, M\u00e9tal, Eau) et des six Qi (Vent, Chaleur, Humidit\u00e9, Feu, S\u00e9cheresse, Froid) et l&rsquo;observation et l&rsquo;usage des m\u00e9ridiens en tant que trame de circulation de l\u2019\u00e9nergie, du sang et des liquides organiques.<\/p>\n\n\n\n<p>La MTC proc\u00e8de logiquement, selon des r\u00e8gles qui r\u00e9gissent la physiologie \u00e9nerg\u00e9tique humaine. Elle \u00e9tudie l\u2019anatomie humaine, les organes, les tissus, les liquides et la pathologie en restant attach\u00e9e \u00e0 la notion fondamentale de \u00ab\u00a0syst\u00e8me \u00e9nerg\u00e9tique\u00a0\u00bb.<\/p>\n\n\n\n<p>Les soins s\u2019attachent \u00e0 r\u00e9tablir l\u2019\u00e9quilibre \u00e9nerg\u00e9tique permettant une auto r\u00e9gulation de la vitalit\u00e9, un renforcement de la capacit\u00e9 du corps \u00e0 vaincre les troubles ou d\u00e9s\u00e9quilibres d&rsquo;origine externe ou interne.<\/p>\n\n\n\n<p>La MTC a un champ d&rsquo;application tr\u00e8s vaste puisque son action th\u00e9rapeutique agit directement sur les causes profondes du d\u00e9s\u00e9quilibre identifi\u00e9 lors du bilan \u00e9nerg\u00e9tique. La m\u00e9thode th\u00e9rapeutique, issue des proc\u00e9d\u00e9s sp\u00e9cifiques \u00e0 la MTC, est choisie en fonction des besoins observ\u00e9s tout en prenant en consid\u00e9ration les aspirations du consultant.<\/p>\n\n\n\n<p>Cette approche th\u00e9rapeutique permet d&rsquo;am\u00e9liorer sa qualit\u00e9 de vie en soulageant les douleurs (maux de t\u00eate, maux de dos&#8230;), favorise le bien-\u00eatre de l&rsquo;esprit (troubles du sommeil, anxi\u00e9t\u00e9&#8230;) et facilite une meilleure r\u00e9cup\u00e9ration sportive ou lors des suites d&rsquo;une maladie ou d&rsquo;un traumatisme pris en charge par votre m\u00e9decin traitant.<\/p>\n<\/div>\n<\/div>\n<\/div>\n\n\n\n<hr class=\"wp-block-separator has-alpha-channel-opacity is-style-dots\"\/>\n\n\n\n<div class=\"wp-block-columns alignwide are-vertically-aligned-center is-layout-flex wp-container-core-columns-is-layout-0111f410 wp-block-columns-is-layout-flex\" style=\"padding-right:var(--wp--preset--spacing--50);padding-left:var(--wp--preset--spacing--50)\">\n<div class=\"wp-block-column is-vertically-aligned-center is-layout-flow wp-block-column-is-layout-flow\" style=\"flex-basis:150px\">\n<figure class=\"wp-block-image aligncenter size-full is-resized\"><img loading=\"lazy\" decoding=\"async\" width=\"473\" height=\"473\" src=\"https:\/\/www.carinelanthier.com\/wp-content\/uploads\/2025\/09\/Carine-Lanthier-therapeut-bien-etre-vitalite-tradition-chinoise-16-2.png\" alt=\"\" class=\"wp-image-296\" style=\"width:132px;height:auto\" srcset=\"https:\/\/www.carinelanthier.com\/wp-content\/uploads\/2025\/09\/Carine-Lanthier-therapeut-bien-etre-vitalite-tradition-chinoise-16-2.png 473w, https:\/\/www.carinelanthier.com\/wp-content\/uploads\/2025\/09\/Carine-Lanthier-therapeut-bien-etre-vitalite-tradition-chinoise-16-2-300x300.png 300w, https:\/\/www.carinelanthier.com\/wp-content\/uploads\/2025\/09\/Carine-Lanthier-therapeut-bien-etre-vitalite-tradition-chinoise-16-2-150x150.png 150w\" sizes=\"auto, (max-width: 473px) 100vw, 473px\" \/><\/figure>\n<\/div>\n\n\n\n<div class=\"wp-block-column is-vertically-aligned-center is-layout-flow wp-block-column-is-layout-flow\">\n<p><strong><em>Pour qui, pour quoi\u00a0?<\/em><\/strong><br>Fatigue, douleurs, d\u00e9r\u00e8glement hormonal, sommeil capricieux, troubles digestifs\u2026 Avec la MTC, apaiser, soulager et r\u00e9\u00e9quilibrer, c&rsquo;est possible.<br><a href=\"https:\/\/www.carinelanthier.com\/index.php\/pour-qui-pour-quoi\/\">En savoir plus<\/a><\/p>\n<\/div>\n<\/div>\n\n\n\n<div class=\"wp-block-columns alignwide are-vertically-aligned-center is-layout-flex wp-container-core-columns-is-layout-0111f410 wp-block-columns-is-layout-flex\" style=\"padding-right:var(--wp--preset--spacing--50);padding-left:var(--wp--preset--spacing--50)\">\n<div class=\"wp-block-column is-vertically-aligned-center is-layout-flow wp-block-column-is-layout-flow\" style=\"flex-basis:150px\">\n<figure class=\"wp-block-image aligncenter size-full is-resized\"><img loading=\"lazy\" decoding=\"async\" width=\"473\" height=\"473\" src=\"https:\/\/www.carinelanthier.com\/wp-content\/uploads\/2025\/09\/Carine-Lanthier-therapeut-bien-etre-vitalite-tradition-chinoise-17-2.png\" alt=\"\" class=\"wp-image-297\" style=\"width:132px;height:auto\" srcset=\"https:\/\/www.carinelanthier.com\/wp-content\/uploads\/2025\/09\/Carine-Lanthier-therapeut-bien-etre-vitalite-tradition-chinoise-17-2.png 473w, https:\/\/www.carinelanthier.com\/wp-content\/uploads\/2025\/09\/Carine-Lanthier-therapeut-bien-etre-vitalite-tradition-chinoise-17-2-300x300.png 300w, https:\/\/www.carinelanthier.com\/wp-content\/uploads\/2025\/09\/Carine-Lanthier-therapeut-bien-etre-vitalite-tradition-chinoise-17-2-150x150.png 150w\" sizes=\"auto, (max-width: 473px) 100vw, 473px\" \/><\/figure>\n<\/div>\n\n\n\n<div class=\"wp-block-column is-vertically-aligned-center is-layout-flow wp-block-column-is-layout-flow\">\n<p><strong><em>Techniques de soins<\/em><\/strong><\/p>\n\n\n\n<p>La connaissance du syst\u00e8me des m\u00e9ridiens (jing luo) et points d\u2019acupuncture est d&rsquo;une importance capitale. Il constitue une des th\u00e9ories fondamentales propres au corpus de la m\u00e9thode traditionnelle chinoise. Peu importe l&rsquo;outil th\u00e9rapeutique utilis\u00e9, dans tous les cas il s\u2019agira de travailler sur le syst\u00e8me des m\u00e9ridiens.<br><a href=\"https:\/\/www.carinelanthier.com\/index.php\/techniques-de-soins\/\">En savoir plus<\/a><\/p>\n<\/div>\n<\/div>\n\n\n\n<hr class=\"wp-block-separator has-alpha-channel-opacity is-style-dots\"\/>\n\n\n\n<p><\/p>\n","protected":false},"excerpt":{"rendered":"<p>LA MTC &#8211; M\u00e9thode Traditionnelle Chinoise La M\u00e9thode Traditionnelle Chinoise La M\u00e9thode Traditionnelle Chinoise (MTC) s\u2019appuie sur des connaissances et des pratiques accumul\u00e9es et \u00e9prouv\u00e9es depuis plus de vingt si\u00e8cles. Cette m\u00e9decine r\u00e9pond aujourd\u2019hui aux probl\u00e8mes de sant\u00e9 de populations r\u00e9parties dans tous les pays du globe. Il s\u2019agit d\u2019une approche qui consid\u00e8re l\u2019\u00eatre humain [&hellip;]<\/p>\n","protected":false},"author":1,"featured_media":0,"parent":0,"menu_order":0,"comment_status":"closed","ping_status":"closed","template":"","meta":{"iawp_total_views":90,"footnotes":""},"class_list":["post-339","page","type-page","status-publish","hentry"],"yoast_head":"<!-- This site is optimized with the Yoast SEO plugin v27.5 - https:\/\/yoast.com\/product\/yoast-seo-wordpress\/ -->\n<title>La MTC - Carine Lanthier<\/title>\n<meta name=\"description\" content=\"La MTC - M\u00e9thode Traditionnelle Chinoise permet en stimulant le corps et les m\u00e9ridiens de redonner vitalit\u00e9 et bien\u00eatre mental.\" \/>\n<meta name=\"robots\" content=\"index, follow, max-snippet:-1, max-image-preview:large, max-video-preview:-1\" \/>\n<link rel=\"canonical\" href=\"https:\/\/www.carinelanthier.com\/index.php\/la-mtc\/\" \/>\n<meta property=\"og:locale\" content=\"fr_FR\" \/>\n<meta property=\"og:type\" content=\"article\" \/>\n<meta property=\"og:title\" content=\"La MTC - Carine Lanthier\" \/>\n<meta property=\"og:description\" content=\"La MTC - M\u00e9thode Traditionnelle Chinoise permet en stimulant le corps et les m\u00e9ridiens de redonner vitalit\u00e9 et bien\u00eatre mental.\" \/>\n<meta property=\"og:url\" content=\"https:\/\/www.carinelanthier.com\/index.php\/la-mtc\/\" \/>\n<meta property=\"og:site_name\" content=\"Carine Lanthier\" \/>\n<meta property=\"article:publisher\" content=\"https:\/\/www.facebook.com\/profile.php?id=61568685437110\" \/>\n<meta property=\"article:modified_time\" content=\"2026-04-28T14:35:52+00:00\" \/>\n<meta property=\"og:image\" content=\"https:\/\/www.carinelanthier.com\/wp-content\/uploads\/2025\/09\/Carine-Lanthier-therapeut-bien-etre-vitalite-tradition-chinoise-19.png\" \/>\n\t<meta property=\"og:image:width\" content=\"473\" \/>\n\t<meta property=\"og:image:height\" content=\"473\" \/>\n\t<meta property=\"og:image:type\" content=\"image\/png\" \/>\n<meta name=\"twitter:card\" content=\"summary_large_image\" \/>\n<meta name=\"twitter:label1\" content=\"Dur\u00e9e de lecture estim\u00e9e\" \/>\n\t<meta name=\"twitter:data1\" content=\"4 minutes\" \/>\n<script type=\"application\/ld+json\" class=\"yoast-schema-graph\">{\"@context\":\"https:\\\/\\\/schema.org\",\"@graph\":[{\"@type\":\"WebPage\",\"@id\":\"https:\\\/\\\/www.carinelanthier.com\\\/index.php\\\/la-mtc\\\/\",\"url\":\"https:\\\/\\\/www.carinelanthier.com\\\/index.php\\\/la-mtc\\\/\",\"name\":\"La MTC - Carine Lanthier\",\"isPartOf\":{\"@id\":\"https:\\\/\\\/www.carinelanthier.com\\\/#website\"},\"primaryImageOfPage\":{\"@id\":\"https:\\\/\\\/www.carinelanthier.com\\\/index.php\\\/la-mtc\\\/#primaryimage\"},\"image\":{\"@id\":\"https:\\\/\\\/www.carinelanthier.com\\\/index.php\\\/la-mtc\\\/#primaryimage\"},\"thumbnailUrl\":\"https:\\\/\\\/www.carinelanthier.com\\\/wp-content\\\/uploads\\\/2025\\\/09\\\/Carine-Lanthier-therapeut-bien-etre-vitalite-tradition-chinoise-19.png\",\"datePublished\":\"2025-09-15T12:18:03+00:00\",\"dateModified\":\"2026-04-28T14:35:52+00:00\",\"description\":\"La MTC - M\u00e9thode Traditionnelle Chinoise permet en stimulant le corps et les m\u00e9ridiens de redonner vitalit\u00e9 et bien\u00eatre mental.\",\"breadcrumb\":{\"@id\":\"https:\\\/\\\/www.carinelanthier.com\\\/index.php\\\/la-mtc\\\/#breadcrumb\"},\"inLanguage\":\"fr-FR\",\"potentialAction\":[{\"@type\":\"ReadAction\",\"target\":[\"https:\\\/\\\/www.carinelanthier.com\\\/index.php\\\/la-mtc\\\/\"]}]},{\"@type\":\"ImageObject\",\"inLanguage\":\"fr-FR\",\"@id\":\"https:\\\/\\\/www.carinelanthier.com\\\/index.php\\\/la-mtc\\\/#primaryimage\",\"url\":\"https:\\\/\\\/www.carinelanthier.com\\\/wp-content\\\/uploads\\\/2025\\\/09\\\/Carine-Lanthier-therapeut-bien-etre-vitalite-tradition-chinoise-19.png\",\"contentUrl\":\"https:\\\/\\\/www.carinelanthier.com\\\/wp-content\\\/uploads\\\/2025\\\/09\\\/Carine-Lanthier-therapeut-bien-etre-vitalite-tradition-chinoise-19.png\",\"width\":473,\"height\":473},{\"@type\":\"BreadcrumbList\",\"@id\":\"https:\\\/\\\/www.carinelanthier.com\\\/index.php\\\/la-mtc\\\/#breadcrumb\",\"itemListElement\":[{\"@type\":\"ListItem\",\"position\":1,\"name\":\"Home\",\"item\":\"https:\\\/\\\/www.carinelanthier.com\\\/\"},{\"@type\":\"ListItem\",\"position\":2,\"name\":\"La MTC\"}]},{\"@type\":\"WebSite\",\"@id\":\"https:\\\/\\\/www.carinelanthier.com\\\/#website\",\"url\":\"https:\\\/\\\/www.carinelanthier.com\\\/\",\"name\":\"Carine Lanthier\",\"description\":\"\",\"publisher\":{\"@id\":\"https:\\\/\\\/www.carinelanthier.com\\\/#organization\"},\"potentialAction\":[{\"@type\":\"SearchAction\",\"target\":{\"@type\":\"EntryPoint\",\"urlTemplate\":\"https:\\\/\\\/www.carinelanthier.com\\\/?s={search_term_string}\"},\"query-input\":{\"@type\":\"PropertyValueSpecification\",\"valueRequired\":true,\"valueName\":\"search_term_string\"}}],\"inLanguage\":\"fr-FR\"},{\"@type\":\"Organization\",\"@id\":\"https:\\\/\\\/www.carinelanthier.com\\\/#organization\",\"name\":\"Carine Lanthier\",\"url\":\"https:\\\/\\\/www.carinelanthier.com\\\/\",\"logo\":{\"@type\":\"ImageObject\",\"inLanguage\":\"fr-FR\",\"@id\":\"https:\\\/\\\/www.carinelanthier.com\\\/#\\\/schema\\\/logo\\\/image\\\/\",\"url\":\"https:\\\/\\\/www.carinelanthier.com\\\/wp-content\\\/uploads\\\/2025\\\/09\\\/Carine-Lanthier-therapeut-bien-etre-vitalite-tradition-chinoise-RVB-09.jpg\",\"contentUrl\":\"https:\\\/\\\/www.carinelanthier.com\\\/wp-content\\\/uploads\\\/2025\\\/09\\\/Carine-Lanthier-therapeut-bien-etre-vitalite-tradition-chinoise-RVB-09.jpg\",\"width\":1772,\"height\":1181,\"caption\":\"Carine Lanthier\"},\"image\":{\"@id\":\"https:\\\/\\\/www.carinelanthier.com\\\/#\\\/schema\\\/logo\\\/image\\\/\"},\"sameAs\":[\"https:\\\/\\\/www.facebook.com\\\/profile.php?id=61568685437110\"]}]}<\/script>\n<!-- \/ Yoast SEO plugin. -->","yoast_head_json":{"title":"La MTC - Carine Lanthier","description":"La MTC - M\u00e9thode Traditionnelle Chinoise permet en stimulant le corps et les m\u00e9ridiens de redonner vitalit\u00e9 et bien\u00eatre mental.","robots":{"index":"index","follow":"follow","max-snippet":"max-snippet:-1","max-image-preview":"max-image-preview:large","max-video-preview":"max-video-preview:-1"},"canonical":"https:\/\/www.carinelanthier.com\/index.php\/la-mtc\/","og_locale":"fr_FR","og_type":"article","og_title":"La MTC - Carine Lanthier","og_description":"La MTC - M\u00e9thode Traditionnelle Chinoise permet en stimulant le corps et les m\u00e9ridiens de redonner vitalit\u00e9 et bien\u00eatre mental.","og_url":"https:\/\/www.carinelanthier.com\/index.php\/la-mtc\/","og_site_name":"Carine Lanthier","article_publisher":"https:\/\/www.facebook.com\/profile.php?id=61568685437110","article_modified_time":"2026-04-28T14:35:52+00:00","og_image":[{"width":473,"height":473,"url":"https:\/\/www.carinelanthier.com\/wp-content\/uploads\/2025\/09\/Carine-Lanthier-therapeut-bien-etre-vitalite-tradition-chinoise-19.png","type":"image\/png"}],"twitter_card":"summary_large_image","twitter_misc":{"Dur\u00e9e de lecture estim\u00e9e":"4 minutes"},"schema":{"@context":"https:\/\/schema.org","@graph":[{"@type":"WebPage","@id":"https:\/\/www.carinelanthier.com\/index.php\/la-mtc\/","url":"https:\/\/www.carinelanthier.com\/index.php\/la-mtc\/","name":"La MTC - Carine Lanthier","isPartOf":{"@id":"https:\/\/www.carinelanthier.com\/#website"},"primaryImageOfPage":{"@id":"https:\/\/www.carinelanthier.com\/index.php\/la-mtc\/#primaryimage"},"image":{"@id":"https:\/\/www.carinelanthier.com\/index.php\/la-mtc\/#primaryimage"},"thumbnailUrl":"https:\/\/www.carinelanthier.com\/wp-content\/uploads\/2025\/09\/Carine-Lanthier-therapeut-bien-etre-vitalite-tradition-chinoise-19.png","datePublished":"2025-09-15T12:18:03+00:00","dateModified":"2026-04-28T14:35:52+00:00","description":"La MTC - M\u00e9thode Traditionnelle Chinoise permet en stimulant le corps et les m\u00e9ridiens de redonner vitalit\u00e9 et bien\u00eatre mental.","breadcrumb":{"@id":"https:\/\/www.carinelanthier.com\/index.php\/la-mtc\/#breadcrumb"},"inLanguage":"fr-FR","potentialAction":[{"@type":"ReadAction","target":["https:\/\/www.carinelanthier.com\/index.php\/la-mtc\/"]}]},{"@type":"ImageObject","inLanguage":"fr-FR","@id":"https:\/\/www.carinelanthier.com\/index.php\/la-mtc\/#primaryimage","url":"https:\/\/www.carinelanthier.com\/wp-content\/uploads\/2025\/09\/Carine-Lanthier-therapeut-bien-etre-vitalite-tradition-chinoise-19.png","contentUrl":"https:\/\/www.carinelanthier.com\/wp-content\/uploads\/2025\/09\/Carine-Lanthier-therapeut-bien-etre-vitalite-tradition-chinoise-19.png","width":473,"height":473},{"@type":"BreadcrumbList","@id":"https:\/\/www.carinelanthier.com\/index.php\/la-mtc\/#breadcrumb","itemListElement":[{"@type":"ListItem","position":1,"name":"Home","item":"https:\/\/www.carinelanthier.com\/"},{"@type":"ListItem","position":2,"name":"La MTC"}]},{"@type":"WebSite","@id":"https:\/\/www.carinelanthier.com\/#website","url":"https:\/\/www.carinelanthier.com\/","name":"Carine Lanthier","description":"","publisher":{"@id":"https:\/\/www.carinelanthier.com\/#organization"},"potentialAction":[{"@type":"SearchAction","target":{"@type":"EntryPoint","urlTemplate":"https:\/\/www.carinelanthier.com\/?s={search_term_string}"},"query-input":{"@type":"PropertyValueSpecification","valueRequired":true,"valueName":"search_term_string"}}],"inLanguage":"fr-FR"},{"@type":"Organization","@id":"https:\/\/www.carinelanthier.com\/#organization","name":"Carine Lanthier","url":"https:\/\/www.carinelanthier.com\/","logo":{"@type":"ImageObject","inLanguage":"fr-FR","@id":"https:\/\/www.carinelanthier.com\/#\/schema\/logo\/image\/","url":"https:\/\/www.carinelanthier.com\/wp-content\/uploads\/2025\/09\/Carine-Lanthier-therapeut-bien-etre-vitalite-tradition-chinoise-RVB-09.jpg","contentUrl":"https:\/\/www.carinelanthier.com\/wp-content\/uploads\/2025\/09\/Carine-Lanthier-therapeut-bien-etre-vitalite-tradition-chinoise-RVB-09.jpg","width":1772,"height":1181,"caption":"Carine Lanthier"},"image":{"@id":"https:\/\/www.carinelanthier.com\/#\/schema\/logo\/image\/"},"sameAs":["https:\/\/www.facebook.com\/profile.php?id=61568685437110"]}]}},"_links":{"self":[{"href":"https:\/\/www.carinelanthier.com\/index.php\/wp-json\/wp\/v2\/pages\/339","targetHints":{"allow":["GET"]}}],"collection":[{"href":"https:\/\/www.carinelanthier.com\/index.php\/wp-json\/wp\/v2\/pages"}],"about":[{"href":"https:\/\/www.carinelanthier.com\/index.php\/wp-json\/wp\/v2\/types\/page"}],"author":[{"embeddable":true,"href":"https:\/\/www.carinelanthier.com\/index.php\/wp-json\/wp\/v2\/users\/1"}],"replies":[{"embeddable":true,"href":"https:\/\/www.carinelanthier.com\/index.php\/wp-json\/wp\/v2\/comments?post=339"}],"version-history":[{"count":29,"href":"https:\/\/www.carinelanthier.com\/index.php\/wp-json\/wp\/v2\/pages\/339\/revisions"}],"predecessor-version":[{"id":572,"href":"https:\/\/www.carinelanthier.com\/index.php\/wp-json\/wp\/v2\/pages\/339\/revisions\/572"}],"wp:attachment":[{"href":"https:\/\/www.carinelanthier.com\/index.php\/wp-json\/wp\/v2\/media?parent=339"}],"curies":[{"name":"wp","href":"https:\/\/api.w.org\/{rel}","templated":true}]}}