{"id":325,"date":"2025-09-15T11:15:36","date_gmt":"2025-09-15T11:15:36","guid":{"rendered":"https:\/\/www.carinelanthier.com\/?page_id=325"},"modified":"2026-04-28T14:34:56","modified_gmt":"2026-04-28T14:34:56","slug":"votre-rdv","status":"publish","type":"page","link":"https:\/\/www.carinelanthier.com\/index.php\/votre-rdv\/","title":{"rendered":"Votre RDV"},"content":{"rendered":"\n<div class=\"wp-block-group alignwide is-vertical is-content-justification-center is-layout-flex wp-container-core-group-is-layout-030832d8 wp-block-group-is-layout-flex\" style=\"padding-top:var(--wp--preset--spacing--20);padding-right:0;padding-bottom:var(--wp--preset--spacing--20);padding-left:0\">\n<h4 class=\"wp-block-heading has-text-align-center\">Informations<br> sur votre rendez-vous.<\/h4>\n<\/div>\n\n\n\n<div class=\"wp-block-group alignwide is-layout-flow wp-block-group-is-layout-flow\" style=\"padding-top:1rem;padding-right:3rem;padding-bottom:1rem;padding-left:3rem\">\n<p>Pour prendre votre rdv, Carine Lanthier utilise l&rsquo;application professionnelle <a href=\"https:\/\/terapiz.com\/praticien-en-medecine-traditionnelle-chinoise\/annecy\/carine-lanthier\" target=\"_blank\" rel=\"noreferrer noopener\">Terapiz<\/a>. Elle vous permet de consulter les tarifs, les disponibilit\u00e9s et prendre un rdv \u00e0 votre convenance. L&rsquo;ensemble des informations demand\u00e9es sont n\u00e9cessaires \u00e0 la bonne gestion de votre dossier afin de pr\u00e9parer au mieux votre rencontre.<\/p>\n\n\n\n<h4 class=\"wp-block-heading\">Lieu de rendez-vous<\/h4>\n\n\n\n<p>Le cabinet se trouve \u00e0 la Maison M\u00e9dicale, 20 rue de la Minoterie, 74000 Annecy<\/p>\n\n\n\n<h4 class=\"wp-block-heading\">Engagement &amp; bonne pratiques :<\/h4>\n\n\n\n<ul class=\"wp-block-list\">\n<li>Retards&nbsp;: Carine Lanthier demande \u00e0 ses consultants de pr\u00e9venir par sms ou email de tout retard de plus de 15 minutes.<\/li>\n\n\n\n<li>Annulations&nbsp;: Les annulations ou reports sont possibles via la plateforme Terapiz jusqu\u2019\u00e0 24h avant la date du RDV. &nbsp;<\/li>\n\n\n\n<li>Recevoir toute personne sans distinction&nbsp;: en tant que praticienne MTC, Carine Lanthier se met au service de la personne humaine afin de lui prodiguer des soins avec tout le respect qui lui est d\u00fb, sans condition ni distinction.<\/li>\n<\/ul>\n\n\n\n<p>Toutefois, si un consultant montre un comportement inappropri\u00e9, Carine Lanthier se r\u00e9serve le droit de mettre fin \u00e0 la relation professionnelle.<\/p>\n\n\n\n<ul class=\"wp-block-list\">\n<li>Identifier des situations \u00e0 risque&nbsp;: dans la mesure de ses comp\u00e9tences et la limite de ses connaissances, Carine Lanthier s\u2019engage \u00e0 porter secours et assistance \u00e0 toute personne en danger. Si elle le juge n\u00e9cessaire, elle pourra orienter le consultant vers son m\u00e9decin traitant ou d\u2019autres professionnels.<\/li>\n\n\n\n<li>Consultation individuelle : Carine Lanthier re\u00e7oit les consultants de mani\u00e8re individuelle. Elle ne consulte les enfants mineurs qu\u2019avec l\u2019accord des parents ou tuteurs l\u00e9gaux.<\/li>\n\n\n\n<li>Secret professionnel&nbsp;: Carine Lanthier respecte un devoir absolu de r\u00e9serve et de discr\u00e9tion. Dans le cadre de sa pratique, il sera constitu\u00e9 un dossier pour chaque consultant dont les informations seront s\u00e9curis\u00e9s et h\u00e9berg\u00e9es conform\u00e9ment aux recommandations relatives au traitement de donn\u00e9es de sant\u00e9 et des donn\u00e9es personnelles (RGPD). A ce titre, l\u2019usage de l\u2019interface Terapiz pour la prise de RDV et l\u2019organisation des notes de chaque s\u00e9ance permet de respecter les exigences en mati\u00e8re de s\u00e9curisation des donn\u00e9es personnelles qui sont h\u00e9berg\u00e9es dans un environnement certifi\u00e9 HDS, garantissant leur protection et leur confidentialit\u00e9.<\/li>\n\n\n\n<li>R\u00e9glementation et assurance&nbsp;: Carine Lanthier respecte la r\u00e9glementation fiscale en vigueur. Elle est assur\u00e9e professionnellement en qualit\u00e9 de praticienne en M\u00e9decine Traditionnelle Chinoise.<\/li>\n\n\n\n<li>Qualit\u00e9 de l\u2019installation\u00a0: Carine Lanthier vous re\u00e7oit dans son cabinet \u00e0 la Maison m\u00e9dicale, 20 rue de la Minoterie, 74000 Annecy. Il r\u00e9pond aux exigences en mati\u00e8re de qualit\u00e9 des installations et aux normes d\u2019hygi\u00e8ne et s\u00e9curit\u00e9.<\/li>\n\n\n\n<li>Choix des mat\u00e9riels de soin&nbsp;: Carine Lanthier s\u2019\u00e9quipe aupr\u00e8s de fournisseurs certifi\u00e9s garantissant la conformit\u00e9 des outils utilis\u00e9s.<\/li>\n\n\n\n<li>S\u00e9lection des laboratoires de phytoth\u00e9rapie chinoise&nbsp;: Carine Lanthier travaille avec des laboratoires parfaitement qualifi\u00e9s, offrant toutes les garanties relatives \u00e0 la qualit\u00e9 des produits (ingr\u00e9dients authentifi\u00e9s, cultures sans pesticides, produits non soumis \u00e0 l\u2019irradiation) et \u00e0 l\u2019\u00e9thique (produits issus du commerce \u00e9quitable, protection des esp\u00e8ces menac\u00e9es, refus de l\u2019exp\u00e9rimentation animale, lutte contre le travail infantile)<\/li>\n\n\n\n<li>Formation continue&nbsp;: dans l\u2019int\u00e9r\u00eat de ses consultants, Carine Lanthier s\u2019engage \u00e0 continuellement approfondir ses connaissances et enrichir son exp\u00e9rience.<\/li>\n\n\n\n<li>Adh\u00e9sion \u00e0 une organisation professionnelle&nbsp;: Carine Lanthier a souscrit une adh\u00e9sion \u00e0 l\u2019OSMC dont la mission est de promouvoir le respect de la tradition et de l\u2019authenticit\u00e9 dans l\u2019exercice de la profession de praticien en m\u00e9decine chinoise. Consciente de sa responsabilit\u00e9, elle s\u2019engage \u00e0 en respecter le code de bonnes pratiques.<\/li>\n<\/ul>\n\n\n\n<hr class=\"wp-block-separator has-alpha-channel-opacity is-style-dots\"\/>\n\n\n\n<div class=\"wp-block-columns is-layout-flex wp-container-core-columns-is-layout-28f84493 wp-block-columns-is-layout-flex\">\n<div class=\"wp-block-column is-layout-flow wp-block-column-is-layout-flow\">\n<figure class=\"wp-block-image size-large has-custom-border\"><img loading=\"lazy\" decoding=\"async\" width=\"682\" height=\"1024\" src=\"https:\/\/www.carinelanthier.com\/wp-content\/uploads\/2025\/09\/CARINE-LANTHIER-CABINET-SEANCE-JPG-2000PX-19-682x1024.jpg\" alt=\"Bilan \u00e9nerg\u00e9tique par Carine Lanthier\" class=\"wp-image-470\" style=\"border-radius:44px\" srcset=\"https:\/\/www.carinelanthier.com\/wp-content\/uploads\/2025\/09\/CARINE-LANTHIER-CABINET-SEANCE-JPG-2000PX-19-682x1024.jpg 682w, https:\/\/www.carinelanthier.com\/wp-content\/uploads\/2025\/09\/CARINE-LANTHIER-CABINET-SEANCE-JPG-2000PX-19-200x300.jpg 200w, https:\/\/www.carinelanthier.com\/wp-content\/uploads\/2025\/09\/CARINE-LANTHIER-CABINET-SEANCE-JPG-2000PX-19-768x1152.jpg 768w, https:\/\/www.carinelanthier.com\/wp-content\/uploads\/2025\/09\/CARINE-LANTHIER-CABINET-SEANCE-JPG-2000PX-19-1024x1536.jpg 1024w, https:\/\/www.carinelanthier.com\/wp-content\/uploads\/2025\/09\/CARINE-LANTHIER-CABINET-SEANCE-JPG-2000PX-19.jpg 1333w\" sizes=\"auto, (max-width: 682px) 100vw, 682px\" \/><\/figure>\n<\/div>\n\n\n\n<div class=\"wp-block-column is-layout-flow wp-block-column-is-layout-flow\">\n<figure class=\"wp-block-image size-large has-custom-border\"><img loading=\"lazy\" decoding=\"async\" width=\"682\" height=\"1024\" src=\"https:\/\/www.carinelanthier.com\/wp-content\/uploads\/2025\/09\/CARINE-LANTHIER-CABINET-SEANCE-JPG-2000PX-26-682x1024.jpg\" alt=\"Les herbes et huiles essentielles.\" class=\"wp-image-269\" style=\"border-radius:44px\" srcset=\"https:\/\/www.carinelanthier.com\/wp-content\/uploads\/2025\/09\/CARINE-LANTHIER-CABINET-SEANCE-JPG-2000PX-26-682x1024.jpg 682w, https:\/\/www.carinelanthier.com\/wp-content\/uploads\/2025\/09\/CARINE-LANTHIER-CABINET-SEANCE-JPG-2000PX-26-200x300.jpg 200w, https:\/\/www.carinelanthier.com\/wp-content\/uploads\/2025\/09\/CARINE-LANTHIER-CABINET-SEANCE-JPG-2000PX-26-768x1152.jpg 768w, https:\/\/www.carinelanthier.com\/wp-content\/uploads\/2025\/09\/CARINE-LANTHIER-CABINET-SEANCE-JPG-2000PX-26-1024x1536.jpg 1024w, https:\/\/www.carinelanthier.com\/wp-content\/uploads\/2025\/09\/CARINE-LANTHIER-CABINET-SEANCE-JPG-2000PX-26.jpg 1333w\" sizes=\"auto, (max-width: 682px) 100vw, 682px\" \/><\/figure>\n<\/div>\n\n\n\n<div class=\"wp-block-column is-layout-flow wp-block-column-is-layout-flow\">\n<figure class=\"wp-block-image size-large has-custom-border\"><img loading=\"lazy\" decoding=\"async\" width=\"682\" height=\"1024\" src=\"https:\/\/www.carinelanthier.com\/wp-content\/uploads\/2025\/09\/CARINE-LANTHIER-CABINET-SEANCE-JPG-2000PX-23-682x1024.jpg\" alt=\"Acupuncture pour redynamiser les \u00e9nergies bloqu\u00e9es.\" class=\"wp-image-268\" style=\"border-style:none;border-width:0px;border-radius:44px\" srcset=\"https:\/\/www.carinelanthier.com\/wp-content\/uploads\/2025\/09\/CARINE-LANTHIER-CABINET-SEANCE-JPG-2000PX-23-682x1024.jpg 682w, https:\/\/www.carinelanthier.com\/wp-content\/uploads\/2025\/09\/CARINE-LANTHIER-CABINET-SEANCE-JPG-2000PX-23-200x300.jpg 200w, https:\/\/www.carinelanthier.com\/wp-content\/uploads\/2025\/09\/CARINE-LANTHIER-CABINET-SEANCE-JPG-2000PX-23-768x1152.jpg 768w, https:\/\/www.carinelanthier.com\/wp-content\/uploads\/2025\/09\/CARINE-LANTHIER-CABINET-SEANCE-JPG-2000PX-23-1024x1536.jpg 1024w, https:\/\/www.carinelanthier.com\/wp-content\/uploads\/2025\/09\/CARINE-LANTHIER-CABINET-SEANCE-JPG-2000PX-23.jpg 1333w\" sizes=\"auto, (max-width: 682px) 100vw, 682px\" \/><\/figure>\n<\/div>\n<\/div>\n<\/div>\n\n\n\n<hr class=\"wp-block-separator has-alpha-channel-opacity is-style-dots\"\/>\n\n\n\n<div style=\"height:60px\" aria-hidden=\"true\" class=\"wp-block-spacer\"><\/div>\n","protected":false},"excerpt":{"rendered":"<p>Informations sur votre rendez-vous. Pour prendre votre rdv, Carine Lanthier utilise l&rsquo;application professionnelle Terapiz. Elle vous permet de consulter les tarifs, les disponibilit\u00e9s et prendre un rdv \u00e0 votre convenance. L&rsquo;ensemble des informations demand\u00e9es sont n\u00e9cessaires \u00e0 la bonne gestion de votre dossier afin de pr\u00e9parer au mieux votre rencontre. Lieu de rendez-vous Le cabinet [&hellip;]<\/p>\n","protected":false},"author":1,"featured_media":221,"parent":0,"menu_order":0,"comment_status":"closed","ping_status":"closed","template":"","meta":{"iawp_total_views":111,"footnotes":""},"class_list":["post-325","page","type-page","status-publish","has-post-thumbnail","hentry"],"yoast_head":"<!-- This site is optimized with the Yoast SEO plugin v27.5 - https:\/\/yoast.com\/product\/yoast-seo-wordpress\/ -->\n<title>Informations sur Votre RDV - Carine Lanthier<\/title>\n<meta name=\"description\" content=\"Informations sur votre rendez-vous avec Carine Lanthier. Un premier bilan \u00e9nerg\u00e9tique permet de proposer un suivi personnalis\u00e9 \u00e0 chaque consultant.\" \/>\n<meta name=\"robots\" content=\"index, follow, max-snippet:-1, max-image-preview:large, max-video-preview:-1\" \/>\n<link rel=\"canonical\" href=\"https:\/\/www.carinelanthier.com\/index.php\/votre-rdv\/\" \/>\n<meta property=\"og:locale\" content=\"fr_FR\" \/>\n<meta property=\"og:type\" content=\"article\" \/>\n<meta property=\"og:title\" content=\"Informations sur Votre RDV - Carine Lanthier\" \/>\n<meta property=\"og:description\" content=\"Informations sur votre rendez-vous avec Carine Lanthier. Un premier bilan \u00e9nerg\u00e9tique permet de proposer un suivi personnalis\u00e9 \u00e0 chaque consultant.\" \/>\n<meta property=\"og:url\" content=\"https:\/\/www.carinelanthier.com\/index.php\/votre-rdv\/\" \/>\n<meta property=\"og:site_name\" content=\"Carine Lanthier\" \/>\n<meta property=\"article:publisher\" content=\"https:\/\/www.facebook.com\/profile.php?id=61568685437110\" \/>\n<meta property=\"article:modified_time\" content=\"2026-04-28T14:34:56+00:00\" \/>\n<meta property=\"og:image\" content=\"https:\/\/www.carinelanthier.com\/wp-content\/uploads\/2025\/09\/CARINE-LANTHIER-CABINET-SEANCE-JPG-2000PX-14.jpg\" \/>\n\t<meta property=\"og:image:width\" content=\"2000\" \/>\n\t<meta property=\"og:image:height\" content=\"1333\" \/>\n\t<meta property=\"og:image:type\" content=\"image\/jpeg\" \/>\n<meta name=\"twitter:card\" content=\"summary_large_image\" \/>\n<meta name=\"twitter:label1\" content=\"Dur\u00e9e de lecture estim\u00e9e\" \/>\n\t<meta name=\"twitter:data1\" content=\"4 minutes\" \/>\n<script type=\"application\/ld+json\" class=\"yoast-schema-graph\">{\"@context\":\"https:\\\/\\\/schema.org\",\"@graph\":[{\"@type\":\"WebPage\",\"@id\":\"https:\\\/\\\/www.carinelanthier.com\\\/index.php\\\/votre-rdv\\\/\",\"url\":\"https:\\\/\\\/www.carinelanthier.com\\\/index.php\\\/votre-rdv\\\/\",\"name\":\"Informations sur Votre RDV - Carine Lanthier\",\"isPartOf\":{\"@id\":\"https:\\\/\\\/www.carinelanthier.com\\\/#website\"},\"primaryImageOfPage\":{\"@id\":\"https:\\\/\\\/www.carinelanthier.com\\\/index.php\\\/votre-rdv\\\/#primaryimage\"},\"image\":{\"@id\":\"https:\\\/\\\/www.carinelanthier.com\\\/index.php\\\/votre-rdv\\\/#primaryimage\"},\"thumbnailUrl\":\"https:\\\/\\\/www.carinelanthier.com\\\/wp-content\\\/uploads\\\/2025\\\/09\\\/CARINE-LANTHIER-CABINET-SEANCE-JPG-2000PX-14.jpg\",\"datePublished\":\"2025-09-15T11:15:36+00:00\",\"dateModified\":\"2026-04-28T14:34:56+00:00\",\"description\":\"Informations sur votre rendez-vous avec Carine Lanthier. Un premier bilan \u00e9nerg\u00e9tique permet de proposer un suivi personnalis\u00e9 \u00e0 chaque consultant.\",\"breadcrumb\":{\"@id\":\"https:\\\/\\\/www.carinelanthier.com\\\/index.php\\\/votre-rdv\\\/#breadcrumb\"},\"inLanguage\":\"fr-FR\",\"potentialAction\":[{\"@type\":\"ReadAction\",\"target\":[\"https:\\\/\\\/www.carinelanthier.com\\\/index.php\\\/votre-rdv\\\/\"]}]},{\"@type\":\"ImageObject\",\"inLanguage\":\"fr-FR\",\"@id\":\"https:\\\/\\\/www.carinelanthier.com\\\/index.php\\\/votre-rdv\\\/#primaryimage\",\"url\":\"https:\\\/\\\/www.carinelanthier.com\\\/wp-content\\\/uploads\\\/2025\\\/09\\\/CARINE-LANTHIER-CABINET-SEANCE-JPG-2000PX-14.jpg\",\"contentUrl\":\"https:\\\/\\\/www.carinelanthier.com\\\/wp-content\\\/uploads\\\/2025\\\/09\\\/CARINE-LANTHIER-CABINET-SEANCE-JPG-2000PX-14.jpg\",\"width\":2000,\"height\":1333},{\"@type\":\"BreadcrumbList\",\"@id\":\"https:\\\/\\\/www.carinelanthier.com\\\/index.php\\\/votre-rdv\\\/#breadcrumb\",\"itemListElement\":[{\"@type\":\"ListItem\",\"position\":1,\"name\":\"Home\",\"item\":\"https:\\\/\\\/www.carinelanthier.com\\\/\"},{\"@type\":\"ListItem\",\"position\":2,\"name\":\"Votre RDV\"}]},{\"@type\":\"WebSite\",\"@id\":\"https:\\\/\\\/www.carinelanthier.com\\\/#website\",\"url\":\"https:\\\/\\\/www.carinelanthier.com\\\/\",\"name\":\"Carine Lanthier\",\"description\":\"\",\"publisher\":{\"@id\":\"https:\\\/\\\/www.carinelanthier.com\\\/#organization\"},\"potentialAction\":[{\"@type\":\"SearchAction\",\"target\":{\"@type\":\"EntryPoint\",\"urlTemplate\":\"https:\\\/\\\/www.carinelanthier.com\\\/?s={search_term_string}\"},\"query-input\":{\"@type\":\"PropertyValueSpecification\",\"valueRequired\":true,\"valueName\":\"search_term_string\"}}],\"inLanguage\":\"fr-FR\"},{\"@type\":\"Organization\",\"@id\":\"https:\\\/\\\/www.carinelanthier.com\\\/#organization\",\"name\":\"Carine Lanthier\",\"url\":\"https:\\\/\\\/www.carinelanthier.com\\\/\",\"logo\":{\"@type\":\"ImageObject\",\"inLanguage\":\"fr-FR\",\"@id\":\"https:\\\/\\\/www.carinelanthier.com\\\/#\\\/schema\\\/logo\\\/image\\\/\",\"url\":\"https:\\\/\\\/www.carinelanthier.com\\\/wp-content\\\/uploads\\\/2025\\\/09\\\/Carine-Lanthier-therapeut-bien-etre-vitalite-tradition-chinoise-RVB-09.jpg\",\"contentUrl\":\"https:\\\/\\\/www.carinelanthier.com\\\/wp-content\\\/uploads\\\/2025\\\/09\\\/Carine-Lanthier-therapeut-bien-etre-vitalite-tradition-chinoise-RVB-09.jpg\",\"width\":1772,\"height\":1181,\"caption\":\"Carine Lanthier\"},\"image\":{\"@id\":\"https:\\\/\\\/www.carinelanthier.com\\\/#\\\/schema\\\/logo\\\/image\\\/\"},\"sameAs\":[\"https:\\\/\\\/www.facebook.com\\\/profile.php?id=61568685437110\"]}]}<\/script>\n<!-- \/ Yoast SEO plugin. -->","yoast_head_json":{"title":"Informations sur Votre RDV - Carine Lanthier","description":"Informations sur votre rendez-vous avec Carine Lanthier. Un premier bilan \u00e9nerg\u00e9tique permet de proposer un suivi personnalis\u00e9 \u00e0 chaque consultant.","robots":{"index":"index","follow":"follow","max-snippet":"max-snippet:-1","max-image-preview":"max-image-preview:large","max-video-preview":"max-video-preview:-1"},"canonical":"https:\/\/www.carinelanthier.com\/index.php\/votre-rdv\/","og_locale":"fr_FR","og_type":"article","og_title":"Informations sur Votre RDV - Carine Lanthier","og_description":"Informations sur votre rendez-vous avec Carine Lanthier. Un premier bilan \u00e9nerg\u00e9tique permet de proposer un suivi personnalis\u00e9 \u00e0 chaque consultant.","og_url":"https:\/\/www.carinelanthier.com\/index.php\/votre-rdv\/","og_site_name":"Carine Lanthier","article_publisher":"https:\/\/www.facebook.com\/profile.php?id=61568685437110","article_modified_time":"2026-04-28T14:34:56+00:00","og_image":[{"width":2000,"height":1333,"url":"https:\/\/www.carinelanthier.com\/wp-content\/uploads\/2025\/09\/CARINE-LANTHIER-CABINET-SEANCE-JPG-2000PX-14.jpg","type":"image\/jpeg"}],"twitter_card":"summary_large_image","twitter_misc":{"Dur\u00e9e de lecture estim\u00e9e":"4 minutes"},"schema":{"@context":"https:\/\/schema.org","@graph":[{"@type":"WebPage","@id":"https:\/\/www.carinelanthier.com\/index.php\/votre-rdv\/","url":"https:\/\/www.carinelanthier.com\/index.php\/votre-rdv\/","name":"Informations sur Votre RDV - Carine Lanthier","isPartOf":{"@id":"https:\/\/www.carinelanthier.com\/#website"},"primaryImageOfPage":{"@id":"https:\/\/www.carinelanthier.com\/index.php\/votre-rdv\/#primaryimage"},"image":{"@id":"https:\/\/www.carinelanthier.com\/index.php\/votre-rdv\/#primaryimage"},"thumbnailUrl":"https:\/\/www.carinelanthier.com\/wp-content\/uploads\/2025\/09\/CARINE-LANTHIER-CABINET-SEANCE-JPG-2000PX-14.jpg","datePublished":"2025-09-15T11:15:36+00:00","dateModified":"2026-04-28T14:34:56+00:00","description":"Informations sur votre rendez-vous avec Carine Lanthier. Un premier bilan \u00e9nerg\u00e9tique permet de proposer un suivi personnalis\u00e9 \u00e0 chaque consultant.","breadcrumb":{"@id":"https:\/\/www.carinelanthier.com\/index.php\/votre-rdv\/#breadcrumb"},"inLanguage":"fr-FR","potentialAction":[{"@type":"ReadAction","target":["https:\/\/www.carinelanthier.com\/index.php\/votre-rdv\/"]}]},{"@type":"ImageObject","inLanguage":"fr-FR","@id":"https:\/\/www.carinelanthier.com\/index.php\/votre-rdv\/#primaryimage","url":"https:\/\/www.carinelanthier.com\/wp-content\/uploads\/2025\/09\/CARINE-LANTHIER-CABINET-SEANCE-JPG-2000PX-14.jpg","contentUrl":"https:\/\/www.carinelanthier.com\/wp-content\/uploads\/2025\/09\/CARINE-LANTHIER-CABINET-SEANCE-JPG-2000PX-14.jpg","width":2000,"height":1333},{"@type":"BreadcrumbList","@id":"https:\/\/www.carinelanthier.com\/index.php\/votre-rdv\/#breadcrumb","itemListElement":[{"@type":"ListItem","position":1,"name":"Home","item":"https:\/\/www.carinelanthier.com\/"},{"@type":"ListItem","position":2,"name":"Votre RDV"}]},{"@type":"WebSite","@id":"https:\/\/www.carinelanthier.com\/#website","url":"https:\/\/www.carinelanthier.com\/","name":"Carine Lanthier","description":"","publisher":{"@id":"https:\/\/www.carinelanthier.com\/#organization"},"potentialAction":[{"@type":"SearchAction","target":{"@type":"EntryPoint","urlTemplate":"https:\/\/www.carinelanthier.com\/?s={search_term_string}"},"query-input":{"@type":"PropertyValueSpecification","valueRequired":true,"valueName":"search_term_string"}}],"inLanguage":"fr-FR"},{"@type":"Organization","@id":"https:\/\/www.carinelanthier.com\/#organization","name":"Carine Lanthier","url":"https:\/\/www.carinelanthier.com\/","logo":{"@type":"ImageObject","inLanguage":"fr-FR","@id":"https:\/\/www.carinelanthier.com\/#\/schema\/logo\/image\/","url":"https:\/\/www.carinelanthier.com\/wp-content\/uploads\/2025\/09\/Carine-Lanthier-therapeut-bien-etre-vitalite-tradition-chinoise-RVB-09.jpg","contentUrl":"https:\/\/www.carinelanthier.com\/wp-content\/uploads\/2025\/09\/Carine-Lanthier-therapeut-bien-etre-vitalite-tradition-chinoise-RVB-09.jpg","width":1772,"height":1181,"caption":"Carine Lanthier"},"image":{"@id":"https:\/\/www.carinelanthier.com\/#\/schema\/logo\/image\/"},"sameAs":["https:\/\/www.facebook.com\/profile.php?id=61568685437110"]}]}},"_links":{"self":[{"href":"https:\/\/www.carinelanthier.com\/index.php\/wp-json\/wp\/v2\/pages\/325","targetHints":{"allow":["GET"]}}],"collection":[{"href":"https:\/\/www.carinelanthier.com\/index.php\/wp-json\/wp\/v2\/pages"}],"about":[{"href":"https:\/\/www.carinelanthier.com\/index.php\/wp-json\/wp\/v2\/types\/page"}],"author":[{"embeddable":true,"href":"https:\/\/www.carinelanthier.com\/index.php\/wp-json\/wp\/v2\/users\/1"}],"replies":[{"embeddable":true,"href":"https:\/\/www.carinelanthier.com\/index.php\/wp-json\/wp\/v2\/comments?post=325"}],"version-history":[{"count":12,"href":"https:\/\/www.carinelanthier.com\/index.php\/wp-json\/wp\/v2\/pages\/325\/revisions"}],"predecessor-version":[{"id":571,"href":"https:\/\/www.carinelanthier.com\/index.php\/wp-json\/wp\/v2\/pages\/325\/revisions\/571"}],"wp:featuredmedia":[{"embeddable":true,"href":"https:\/\/www.carinelanthier.com\/index.php\/wp-json\/wp\/v2\/media\/221"}],"wp:attachment":[{"href":"https:\/\/www.carinelanthier.com\/index.php\/wp-json\/wp\/v2\/media?parent=325"}],"curies":[{"name":"wp","href":"https:\/\/api.w.org\/{rel}","templated":true}]}}