{"id":3,"date":"2024-12-19T09:17:52","date_gmt":"2024-12-19T09:17:52","guid":{"rendered":"http:\/\/www.carinelanthier.com\/?page_id=3"},"modified":"2025-09-15T17:02:35","modified_gmt":"2025-09-15T17:02:35","slug":"privacy-policy","status":"publish","type":"page","link":"https:\/\/www.carinelanthier.com\/index.php\/privacy-policy\/","title":{"rendered":"Politique de confidentialit\u00e9 &amp; mentions l\u00e9gales"},"content":{"rendered":"\n<h5 class=\"wp-block-heading\">Qui sommes-nous ?<\/h5>\n\n\n\n<p>Qui sommes-nous\u00a0? r\u00e9pondant \u00e0 l\u2019article 6 de la loi n\u00b02004-575 du 21 juin 2004 (sur la confiance dans l\u2019\u00e9conomie num\u00e9rique)<br>Notre site internet est : https:\/\/www.carinelanthier.com.<\/p>\n\n\n\n<h5 class=\"wp-block-heading\">PROPRI\u00c9TAIRE DU SITE<\/h5>\n\n\n\n<p>CARINE LANTHIER &#8211; Siren : 978303626<br>1016 RTE DES COTES EN HAUT AVIERNOZ, 74570 FILLIERE<\/p>\n\n\n\n<h5 class=\"wp-block-heading\">Reponsable de la publication et de la protection des donn\u00e9es<\/h5>\n\n\n\n<p>Mme Carine Lanthier &#8211; carine.lanthier74@gmail.com<\/p>\n\n\n\n<h5 class=\"wp-block-heading\">CR\u00e9ation et d\u00e9veloppement<\/h5>\n\n\n\n<p>La charte graphique, le d\u00e9veloppement et l\u2019int\u00e9gration du site ont \u00e9t\u00e9 r\u00e9alis\u00e9s par la soci\u00e9t\u00e9 M&amp;G Photographic \u2013\u00a0<a href=\"https:\/\/www.instagram.com\/lestudiozaviernoz\/\" target=\"_blank\" rel=\"noreferrer noopener\">www.lestudioz.fr<\/a><\/p>\n\n\n\n<h5 class=\"wp-block-heading\">H\u00e9bergement<\/h5>\n\n\n\n<p>Poxitel SAS \u2013 5 place de la mairie \u2013 91640 Fontenay-les-Briis \u2013 T\u00e9l\u00a0: 0169262575<\/p>\n\n\n\n<h5 class=\"wp-block-heading\">Protection sintellectuelles<\/h5>\n\n\n\n<p>Toutes les photos, illustrations, charte graphique et design du site ont \u00e9t\u00e9 r\u00e9alis\u00e9 par la soci\u00e9t\u00e9 M&amp;G Photographic 1016 route des c\u00f4tes d&rsquo;en haut &#8211; 74570 Aviernoz &#8211;\u00a0<a href=\"https:\/\/www.instagram.com\/lestudiozaviernoz\/\">Le Stud<\/a><a href=\"https:\/\/www.instagram.com\/lestudiozaviernoz\/\" target=\"_blank\" rel=\"noreferrer noopener\">i<\/a><a href=\"https:\/\/www.instagram.com\/lestudiozaviernoz\/\">oz<\/a>\u00a0pour le compte de Carine Lanthier &#8211; 1016 RTE DES COTES EN HAUT AVIERNOZ &#8211; 74570 FILLIERE. Toutes reproductions ou utilisations sont strictement interdite.\u00a0<\/p>\n\n\n\n<h5 class=\"wp-block-heading\">Cookies<\/h5>\n\n\n\n<p>Carine Lanthier s\u2019engage \u00e0 respecter les exigences des dispositions l\u00e9gales en cours. Carine Lanthier est susceptible de traiter les donn\u00e9es afin d\u2019optimiser une meilleure gestion et suivi des prestations et services propos\u00e9s aux internautes. Cela lui permet \u00e9galement de lutter efficacement contre la fraude.<\/p>\n\n\n\n<p>Un message d\u00e8s la connexion au site vous demande d\u2019accepter ou de refuser les cookies. Vous \u00eates libre de refuser le stockage de vos donn\u00e9es de connexion. Par ailleurs, si vous cliquez sur un lien hypertexte du site, le site\u00a0<a href=\"https:\/\/www.carnielanthier.com\">https:\/\/www.carnielanthier.com<\/a> n\u2019est pas tenu responsable des contenus des autres sites et n\u2019assumera aucunes responsabilit\u00e9s en ce sens.<\/p>\n\n\n\n<p>Vous pouvez \u00e0 tout moment demander de rectifier vos informations(RGPD article 16) par courrier \u00e0 l&rsquo;adresse notifi\u00e9 ci-dessus. Si l\u2019utilisateur souhaite faire supprimer ses informations il doit fournir par \u00e9crit \u00e0 l\u2019adresse du si\u00e8ge une copie de sa pi\u00e8ce d\u2019identit\u00e9 ou un passeport en cours de validit\u00e9.<\/p>\n\n\n\n<h5 class=\"wp-block-heading\">Contenu embarqu\u00e9 depuis d\u2019autres sites<\/h5>\n\n\n\n<p>Les pages de ce site peuvent inclure des contenus int\u00e9gr\u00e9s (par exemple des vid\u00e9os, images, articles\u2026). Le contenu int\u00e9gr\u00e9 depuis d\u2019autres sites se comporte de la m\u00eame mani\u00e8re que si le visiteur se rendait sur cet autre site. De ce fait, ces sites web pourraient collecter des donn\u00e9es sur vous, utiliser des cookies, embarquer des outils de suivis tiers, suivre vos interactions avec ces contenus embarqu\u00e9s si vous disposez d\u2019un compte connect\u00e9 sur leur site web. Le site\u00a0<a href=\"https:\/\/www.carinelanthier.com\">https:\/\/www.carinelanthier.com<\/a>\u00a0n\u2019est pas tenu responsable des contenus des autres sites et n\u2019assumera aucunes responsabilit\u00e9s en ce sens.Utilisation et transmission de vos donn\u00e9es personnelles<\/p>\n\n\n\n<h5 class=\"wp-block-heading\">Dur\u00e9e du stockage de vos donn\u00e9es<\/h5>\n\n\n\n<p>La dur\u00e9e de stockage des cookies est de 3 mois apr\u00e8s acceptation de ceux-ci. une nouvelle fen\u00eatre s&rsquo;ouvrira apr\u00e8s 3 mois de connexion pour vous redemand\u00e9 votre accord.<\/p>\n\n\n\n<h5 class=\"wp-block-heading\">LE DROIT QUE voUS AVEZ SUR vos donn\u00e9es<\/h5>\n\n\n\n<p>Vous pouvez \u00e9galement demander la suppression des donn\u00e9es personnelles vous concernant. Cela ne prend pas en compte les donn\u00e9es stock\u00e9es \u00e0 des fins administratives, l\u00e9gales ou pour des raisons de s\u00e9curit\u00e9.<\/p>\n\n\n\n<h5 class=\"wp-block-heading\">o\u00f9 vos donn\u00e9es sont envoy\u00e9es<\/h5>\n\n\n\n<p>Les donn\u00e9es sont stock\u00e9es sur le site \u00e0 des fins de statistiques de connexion et de fr\u00e9quentation du site pour l&rsquo;analyse et l&rsquo;am\u00e9lioration de votre exp\u00e9rience.<\/p>\n\n\n\n<h5 class=\"wp-block-heading\">DROITS<\/h5>\n\n\n\n<p>Le droit fran\u00e7ais est seul \u00e0 pouvoir r\u00e9gir un conflit ou litige entre l\u2019utilisateur et le site <a href=\"https:\/\/www.carinelanthier.com\">https:\/\/www.carinelanthier.com<\/a>. Si la loi ne le permet pas le cas est renvoyer aux tribunaux comp\u00e9tents d\u2019Annecy.<\/p>\n\n\n\n<h5 class=\"wp-block-heading\">La pens\u00e9e <\/h5>\n\n\n\n<p><em>\u00ab\u00a0Produire sans s&rsquo;approprier, agir sans rien attendre, guider sans contraindre, voil\u00e0 la vertu supr\u00eame\u00a0\u00bb &#8211; Lao Tseu<\/em><\/p>\n","protected":false},"excerpt":{"rendered":"<p>Qui sommes-nous ? Qui sommes-nous\u00a0? r\u00e9pondant \u00e0 l\u2019article 6 de la loi n\u00b02004-575 du 21 juin 2004 (sur la confiance dans l\u2019\u00e9conomie num\u00e9rique)Notre site internet est : https:\/\/www.carinelanthier.com. PROPRI\u00c9TAIRE DU SITE CARINE LANTHIER &#8211; Siren : 9783036261016 RTE DES COTES EN HAUT AVIERNOZ, 74570 FILLIERE Reponsable de la publication et de la protection des donn\u00e9es [&hellip;]<\/p>\n","protected":false},"author":1,"featured_media":0,"parent":0,"menu_order":0,"comment_status":"closed","ping_status":"open","template":"","meta":{"iawp_total_views":12,"footnotes":""},"class_list":["post-3","page","type-page","status-publish","hentry"],"yoast_head":"<!-- This site is optimized with the Yoast SEO plugin v27.5 - https:\/\/yoast.com\/product\/yoast-seo-wordpress\/ -->\n<title>Politique de confidentialit\u00e9 &amp; mentions l\u00e9gales - Carine Lanthier<\/title>\n<meta name=\"robots\" content=\"index, follow, max-snippet:-1, max-image-preview:large, max-video-preview:-1\" \/>\n<link rel=\"canonical\" href=\"https:\/\/www.carinelanthier.com\/index.php\/privacy-policy\/\" \/>\n<meta property=\"og:locale\" content=\"fr_FR\" \/>\n<meta property=\"og:type\" content=\"article\" \/>\n<meta property=\"og:title\" content=\"Politique de confidentialit\u00e9 &amp; mentions l\u00e9gales - Carine Lanthier\" \/>\n<meta property=\"og:description\" content=\"Qui sommes-nous ? Qui sommes-nous\u00a0? r\u00e9pondant \u00e0 l\u2019article 6 de la loi n\u00b02004-575 du 21 juin 2004 (sur la confiance dans l\u2019\u00e9conomie num\u00e9rique)Notre site internet est : https:\/\/www.carinelanthier.com. PROPRI\u00c9TAIRE DU SITE CARINE LANTHIER &#8211; Siren : 9783036261016 RTE DES COTES EN HAUT AVIERNOZ, 74570 FILLIERE Reponsable de la publication et de la protection des donn\u00e9es [&hellip;]\" \/>\n<meta property=\"og:url\" content=\"https:\/\/www.carinelanthier.com\/index.php\/privacy-policy\/\" \/>\n<meta property=\"og:site_name\" content=\"Carine Lanthier\" \/>\n<meta property=\"article:publisher\" content=\"https:\/\/www.facebook.com\/profile.php?id=61568685437110\" \/>\n<meta property=\"article:modified_time\" content=\"2025-09-15T17:02:35+00:00\" \/>\n<meta name=\"twitter:card\" content=\"summary_large_image\" \/>\n<meta name=\"twitter:label1\" content=\"Dur\u00e9e de lecture estim\u00e9e\" \/>\n\t<meta name=\"twitter:data1\" content=\"3 minutes\" \/>\n<script type=\"application\/ld+json\" class=\"yoast-schema-graph\">{\"@context\":\"https:\\\/\\\/schema.org\",\"@graph\":[{\"@type\":\"WebPage\",\"@id\":\"https:\\\/\\\/www.carinelanthier.com\\\/index.php\\\/privacy-policy\\\/\",\"url\":\"https:\\\/\\\/www.carinelanthier.com\\\/index.php\\\/privacy-policy\\\/\",\"name\":\"Politique de confidentialit\u00e9 &amp; mentions l\u00e9gales - Carine Lanthier\",\"isPartOf\":{\"@id\":\"https:\\\/\\\/www.carinelanthier.com\\\/#website\"},\"datePublished\":\"2024-12-19T09:17:52+00:00\",\"dateModified\":\"2025-09-15T17:02:35+00:00\",\"breadcrumb\":{\"@id\":\"https:\\\/\\\/www.carinelanthier.com\\\/index.php\\\/privacy-policy\\\/#breadcrumb\"},\"inLanguage\":\"fr-FR\",\"potentialAction\":[{\"@type\":\"ReadAction\",\"target\":[\"https:\\\/\\\/www.carinelanthier.com\\\/index.php\\\/privacy-policy\\\/\"]}]},{\"@type\":\"BreadcrumbList\",\"@id\":\"https:\\\/\\\/www.carinelanthier.com\\\/index.php\\\/privacy-policy\\\/#breadcrumb\",\"itemListElement\":[{\"@type\":\"ListItem\",\"position\":1,\"name\":\"Home\",\"item\":\"https:\\\/\\\/www.carinelanthier.com\\\/\"},{\"@type\":\"ListItem\",\"position\":2,\"name\":\"Politique de confidentialit\u00e9 &amp; mentions l\u00e9gales\"}]},{\"@type\":\"WebSite\",\"@id\":\"https:\\\/\\\/www.carinelanthier.com\\\/#website\",\"url\":\"https:\\\/\\\/www.carinelanthier.com\\\/\",\"name\":\"Carine Lanthier\",\"description\":\"\",\"publisher\":{\"@id\":\"https:\\\/\\\/www.carinelanthier.com\\\/#organization\"},\"potentialAction\":[{\"@type\":\"SearchAction\",\"target\":{\"@type\":\"EntryPoint\",\"urlTemplate\":\"https:\\\/\\\/www.carinelanthier.com\\\/?s={search_term_string}\"},\"query-input\":{\"@type\":\"PropertyValueSpecification\",\"valueRequired\":true,\"valueName\":\"search_term_string\"}}],\"inLanguage\":\"fr-FR\"},{\"@type\":\"Organization\",\"@id\":\"https:\\\/\\\/www.carinelanthier.com\\\/#organization\",\"name\":\"Carine Lanthier\",\"url\":\"https:\\\/\\\/www.carinelanthier.com\\\/\",\"logo\":{\"@type\":\"ImageObject\",\"inLanguage\":\"fr-FR\",\"@id\":\"https:\\\/\\\/www.carinelanthier.com\\\/#\\\/schema\\\/logo\\\/image\\\/\",\"url\":\"https:\\\/\\\/www.carinelanthier.com\\\/wp-content\\\/uploads\\\/2025\\\/09\\\/Carine-Lanthier-therapeut-bien-etre-vitalite-tradition-chinoise-RVB-09.jpg\",\"contentUrl\":\"https:\\\/\\\/www.carinelanthier.com\\\/wp-content\\\/uploads\\\/2025\\\/09\\\/Carine-Lanthier-therapeut-bien-etre-vitalite-tradition-chinoise-RVB-09.jpg\",\"width\":1772,\"height\":1181,\"caption\":\"Carine Lanthier\"},\"image\":{\"@id\":\"https:\\\/\\\/www.carinelanthier.com\\\/#\\\/schema\\\/logo\\\/image\\\/\"},\"sameAs\":[\"https:\\\/\\\/www.facebook.com\\\/profile.php?id=61568685437110\"]}]}<\/script>\n<!-- \/ Yoast SEO plugin. -->","yoast_head_json":{"title":"Politique de confidentialit\u00e9 &amp; mentions l\u00e9gales - Carine Lanthier","robots":{"index":"index","follow":"follow","max-snippet":"max-snippet:-1","max-image-preview":"max-image-preview:large","max-video-preview":"max-video-preview:-1"},"canonical":"https:\/\/www.carinelanthier.com\/index.php\/privacy-policy\/","og_locale":"fr_FR","og_type":"article","og_title":"Politique de confidentialit\u00e9 &amp; mentions l\u00e9gales - Carine Lanthier","og_description":"Qui sommes-nous ? Qui sommes-nous\u00a0? r\u00e9pondant \u00e0 l\u2019article 6 de la loi n\u00b02004-575 du 21 juin 2004 (sur la confiance dans l\u2019\u00e9conomie num\u00e9rique)Notre site internet est : https:\/\/www.carinelanthier.com. PROPRI\u00c9TAIRE DU SITE CARINE LANTHIER &#8211; Siren : 9783036261016 RTE DES COTES EN HAUT AVIERNOZ, 74570 FILLIERE Reponsable de la publication et de la protection des donn\u00e9es [&hellip;]","og_url":"https:\/\/www.carinelanthier.com\/index.php\/privacy-policy\/","og_site_name":"Carine Lanthier","article_publisher":"https:\/\/www.facebook.com\/profile.php?id=61568685437110","article_modified_time":"2025-09-15T17:02:35+00:00","twitter_card":"summary_large_image","twitter_misc":{"Dur\u00e9e de lecture estim\u00e9e":"3 minutes"},"schema":{"@context":"https:\/\/schema.org","@graph":[{"@type":"WebPage","@id":"https:\/\/www.carinelanthier.com\/index.php\/privacy-policy\/","url":"https:\/\/www.carinelanthier.com\/index.php\/privacy-policy\/","name":"Politique de confidentialit\u00e9 &amp; mentions l\u00e9gales - Carine Lanthier","isPartOf":{"@id":"https:\/\/www.carinelanthier.com\/#website"},"datePublished":"2024-12-19T09:17:52+00:00","dateModified":"2025-09-15T17:02:35+00:00","breadcrumb":{"@id":"https:\/\/www.carinelanthier.com\/index.php\/privacy-policy\/#breadcrumb"},"inLanguage":"fr-FR","potentialAction":[{"@type":"ReadAction","target":["https:\/\/www.carinelanthier.com\/index.php\/privacy-policy\/"]}]},{"@type":"BreadcrumbList","@id":"https:\/\/www.carinelanthier.com\/index.php\/privacy-policy\/#breadcrumb","itemListElement":[{"@type":"ListItem","position":1,"name":"Home","item":"https:\/\/www.carinelanthier.com\/"},{"@type":"ListItem","position":2,"name":"Politique de confidentialit\u00e9 &amp; mentions l\u00e9gales"}]},{"@type":"WebSite","@id":"https:\/\/www.carinelanthier.com\/#website","url":"https:\/\/www.carinelanthier.com\/","name":"Carine Lanthier","description":"","publisher":{"@id":"https:\/\/www.carinelanthier.com\/#organization"},"potentialAction":[{"@type":"SearchAction","target":{"@type":"EntryPoint","urlTemplate":"https:\/\/www.carinelanthier.com\/?s={search_term_string}"},"query-input":{"@type":"PropertyValueSpecification","valueRequired":true,"valueName":"search_term_string"}}],"inLanguage":"fr-FR"},{"@type":"Organization","@id":"https:\/\/www.carinelanthier.com\/#organization","name":"Carine Lanthier","url":"https:\/\/www.carinelanthier.com\/","logo":{"@type":"ImageObject","inLanguage":"fr-FR","@id":"https:\/\/www.carinelanthier.com\/#\/schema\/logo\/image\/","url":"https:\/\/www.carinelanthier.com\/wp-content\/uploads\/2025\/09\/Carine-Lanthier-therapeut-bien-etre-vitalite-tradition-chinoise-RVB-09.jpg","contentUrl":"https:\/\/www.carinelanthier.com\/wp-content\/uploads\/2025\/09\/Carine-Lanthier-therapeut-bien-etre-vitalite-tradition-chinoise-RVB-09.jpg","width":1772,"height":1181,"caption":"Carine Lanthier"},"image":{"@id":"https:\/\/www.carinelanthier.com\/#\/schema\/logo\/image\/"},"sameAs":["https:\/\/www.facebook.com\/profile.php?id=61568685437110"]}]}},"_links":{"self":[{"href":"https:\/\/www.carinelanthier.com\/index.php\/wp-json\/wp\/v2\/pages\/3","targetHints":{"allow":["GET"]}}],"collection":[{"href":"https:\/\/www.carinelanthier.com\/index.php\/wp-json\/wp\/v2\/pages"}],"about":[{"href":"https:\/\/www.carinelanthier.com\/index.php\/wp-json\/wp\/v2\/types\/page"}],"author":[{"embeddable":true,"href":"https:\/\/www.carinelanthier.com\/index.php\/wp-json\/wp\/v2\/users\/1"}],"replies":[{"embeddable":true,"href":"https:\/\/www.carinelanthier.com\/index.php\/wp-json\/wp\/v2\/comments?post=3"}],"version-history":[{"count":1,"href":"https:\/\/www.carinelanthier.com\/index.php\/wp-json\/wp\/v2\/pages\/3\/revisions"}],"predecessor-version":[{"id":472,"href":"https:\/\/www.carinelanthier.com\/index.php\/wp-json\/wp\/v2\/pages\/3\/revisions\/472"}],"wp:attachment":[{"href":"https:\/\/www.carinelanthier.com\/index.php\/wp-json\/wp\/v2\/media?parent=3"}],"curies":[{"name":"wp","href":"https:\/\/api.w.org\/{rel}","templated":true}]}}